{"id":149,"date":"2017-07-25T15:40:33","date_gmt":"2017-07-25T13:40:33","guid":{"rendered":"http:\/\/maisonpuechmalou.com\/?page_id=149"},"modified":"2019-04-24T17:33:49","modified_gmt":"2019-04-24T15:33:49","slug":"vakantiehuis-de-cottage","status":"publish","type":"page","link":"https:\/\/maisonpuechmalou.com\/fr\/vakantiehuis-de-cottage\/","title":{"rendered":"G\u00eete &lsquo;Le Cottage'"},"content":{"rendered":"<p><\/p>\n<h2 style=\"text-align: justify;\"><span style=\"font-weight: 400;\">Ce g\u00eete se situe au sud-est. C\u2019est une maisonnette charmante, parfaite pour accueillir un couple ou un couple avec jeune enfant. La maison dispose d\u2019une cuisine enti\u00e8rement \u00e9quip\u00e9e et d\u2019un s\u00e9jour avec un coin salon tr\u00e8s confortable. Le po\u00eale \u00e0 bois dans le salon vous permettra de vous r\u00e9chauffer en fin de journ\u00e9e, au printemps et \u00e0 l\u2019automne. L\u2019acc\u00e8s \u00e0 la chambre \u00e0 coucher se fait par le salon. La chambre est chaleureuse et elle est meubl\u00e9e avec des lits tr\u00e8s confortables. La chambre permet d\u2019acc\u00e9der \u00e0 la salle de bain avec douche, vasque et toilettes.<\/span><\/h2>\n<p style=\"text-align: justify;\"><span style=\"font-weight: 400;\">Le g\u00eete ouvre sur un parc am\u00e9nag\u00e9 de 1000m2 avec des hortensias color\u00e9s et des c\u00e8dres. Le parc est largement occup\u00e9 par les grenouilles, les grillons et les oiseaux dont on peut entendre les chants tout au long de la journ\u00e9e. Le g\u00eete dispose d\u2019une terrasse priv\u00e9e avec des meubles en teck confortables o\u00f9 vous pouvez vous installer pour vos repas.\u00a0<\/span><\/p>\n<p><img loading=\"lazy\" decoding=\"async\" class=\"size-full wp-image-462 alignleft\" src=\"http:\/\/maisonpuechmalou.com\/wp-content\/uploads\/2017\/07\/meuble_3.jpg\" alt=\"\" width=\"150\" height=\"150\" srcset=\"https:\/\/maisonpuechmalou.com\/wp-content\/uploads\/2017\/07\/meuble_3.jpg 150w, https:\/\/maisonpuechmalou.com\/wp-content\/uploads\/2017\/07\/meuble_3-100x100.jpg 100w\" sizes=\"auto, (max-width: 150px) 100vw, 150px\" \/><\/p>\n<p style=\"text-align: justify;\"><span style=\"font-weight: 400;\">Depuis la terrasse, vous pourrez admirer la vue sur les collines et appr\u00e9cier la s\u00e9r\u00e9nit\u00e9 des environs. Vous pourrez aussi profiter de superbes couchers de soleil et des cieux \u00e9toil\u00e9s comme vous n\u2019en avez jamais vu auparavant. Bref, tous les ingr\u00e9dients sont pr\u00e9sents pour profiter de vacances bien m\u00e9rit\u00e9es, ou simplement pour prendre un peu de distance avec la vie quotidienne.<\/span><\/p>\n<p style=\"text-align: justify;\"><span style=\"font-weight: 400;\">Le g\u00eete \u2018le Cottage\u2019 b\u00e9n\u00e9ficie de 3*** \u00e9toiles, attribu\u00e9es par Comit\u00e9 D\u00e9partemental du Tourisme du Tarn, dans la cat\u00e9gorie Meubl\u00e9s de Tourisme.<\/span><\/p>\n<p><a href=\"http:\/\/maisonpuechmalou.com\/wp-content\/virtualtours\/cottage\/PuechMalouCottage.html\" target=\"_blank\" rel=\"noopener noreferrer\"><img loading=\"lazy\" decoding=\"async\" class=\"alignnone wp-image-863 size-full\" src=\"http:\/\/maisonpuechmalou.com\/wp-content\/uploads\/2019\/04\/cottageua.jpg\" alt=\"\" width=\"900\" height=\"545\" srcset=\"https:\/\/maisonpuechmalou.com\/wp-content\/uploads\/2019\/04\/cottageua.jpg 900w, https:\/\/maisonpuechmalou.com\/wp-content\/uploads\/2019\/04\/cottageua-768x465.jpg 768w\" sizes=\"auto, (max-width: 767px) 89vw, (max-width: 1000px) 54vw, (max-width: 1071px) 543px, 580px\" \/><\/a><\/p>\n<p><span style=\"font-size: 12pt;\">Voir le tour virtuel (\u00e7a ouvre une nouvelle fen\u00eatre)<\/span><\/p>","protected":false},"excerpt":{"rendered":"<p>Ce g\u00eete se situe au sud-est. C\u2019est une maisonnette charmante, parfaite pour accueillir un couple ou un couple avec jeune enfant. La maison dispose d\u2019une cuisine enti\u00e8rement \u00e9quip\u00e9e et d\u2019un s\u00e9jour avec un coin salon tr\u00e8s confortable. Le po\u00eale \u00e0 bois dans le salon vous permettra de vous r\u00e9chauffer en fin de journ\u00e9e, au printemps &hellip; <\/p>\n<p class=\"link-more\"><a href=\"https:\/\/maisonpuechmalou.com\/fr\/vakantiehuis-de-cottage\/\" class=\"more-link\">Continuer la lecture<span class=\"screen-reader-text\"> de &laquo;&nbsp;G\u00eete &lsquo;Le Cottage&rsquo;&nbsp;&raquo;<\/span><\/a><\/p>\n","protected":false},"author":1,"featured_media":432,"parent":0,"menu_order":0,"comment_status":"closed","ping_status":"closed","template":"","meta":{"footnotes":""},"class_list":["post-149","page","type-page","status-publish","has-post-thumbnail","hentry"],"yoast_head":"<!-- This site is optimized with the Yoast SEO plugin v27.5 - https:\/\/yoast.com\/product\/yoast-seo-wordpress\/ -->\n<title>G\u00eete &#039;Le Cottage&#039; - Domaine Puech Malou<\/title>\n<meta name=\"description\" content=\"Op Domaine Puech Malou treft u het charmante vakantiehuis &#039;de Cottage&#039;. Volledig ingericht en van alle gemakken voorzien op ruim perceel met terras en tuin.\" \/>\n<meta name=\"robots\" content=\"index, follow, max-snippet:-1, max-image-preview:large, max-video-preview:-1\" \/>\n<link rel=\"canonical\" href=\"https:\/\/maisonpuechmalou.com\/vakantiehuis-de-cottage\/\" \/>\n<meta property=\"og:locale\" content=\"fr_FR\" \/>\n<meta property=\"og:type\" content=\"article\" \/>\n<meta property=\"og:title\" content=\"G\u00eete &#039;Le Cottage&#039; - Domaine Puech Malou\" \/>\n<meta property=\"og:description\" content=\"Op Domaine Puech Malou treft u het charmante vakantiehuis &#039;de Cottage&#039;. Volledig ingericht en van alle gemakken voorzien op ruim perceel met terras en tuin.\" \/>\n<meta property=\"og:url\" content=\"https:\/\/maisonpuechmalou.com\/vakantiehuis-de-cottage\/\" \/>\n<meta property=\"og:site_name\" content=\"Domaine Puech Malou\" \/>\n<meta property=\"article:modified_time\" content=\"2019-04-24T15:33:49+00:00\" \/>\n<meta property=\"og:image\" content=\"https:\/\/maisonpuechmalou.com\/wp-content\/uploads\/2017\/11\/rotator-1.jpg\" \/>\n\t<meta property=\"og:image:width\" content=\"2000\" \/>\n\t<meta property=\"og:image:height\" content=\"1200\" \/>\n\t<meta property=\"og:image:type\" content=\"image\/jpeg\" \/>\n<meta name=\"twitter:card\" content=\"summary_large_image\" \/>\n<meta name=\"twitter:label1\" content=\"Dur\u00e9e de lecture estim\u00e9e\" \/>\n\t<meta name=\"twitter:data1\" content=\"3 minutes\" \/>\n<script type=\"application\/ld+json\" class=\"yoast-schema-graph\">{\"@context\":\"https:\\\/\\\/schema.org\",\"@graph\":[{\"@type\":\"WebPage\",\"@id\":\"https:\\\/\\\/maisonpuechmalou.com\\\/vakantiehuis-de-cottage\\\/\",\"url\":\"https:\\\/\\\/maisonpuechmalou.com\\\/vakantiehuis-de-cottage\\\/\",\"name\":\"G\u00eete 'Le Cottage' - Domaine Puech Malou\",\"isPartOf\":{\"@id\":\"https:\\\/\\\/maisonpuechmalou.com\\\/#website\"},\"primaryImageOfPage\":{\"@id\":\"https:\\\/\\\/maisonpuechmalou.com\\\/vakantiehuis-de-cottage\\\/#primaryimage\"},\"image\":{\"@id\":\"https:\\\/\\\/maisonpuechmalou.com\\\/vakantiehuis-de-cottage\\\/#primaryimage\"},\"thumbnailUrl\":\"https:\\\/\\\/maisonpuechmalou.com\\\/wp-content\\\/uploads\\\/2017\\\/11\\\/rotator-1.jpg\",\"datePublished\":\"2017-07-25T13:40:33+00:00\",\"dateModified\":\"2019-04-24T15:33:49+00:00\",\"description\":\"Op Domaine Puech Malou treft u het charmante vakantiehuis 'de Cottage'. Volledig ingericht en van alle gemakken voorzien op ruim perceel met terras en tuin.\",\"breadcrumb\":{\"@id\":\"https:\\\/\\\/maisonpuechmalou.com\\\/vakantiehuis-de-cottage\\\/#breadcrumb\"},\"inLanguage\":\"fr-FR\",\"potentialAction\":[{\"@type\":\"ReadAction\",\"target\":[\"https:\\\/\\\/maisonpuechmalou.com\\\/vakantiehuis-de-cottage\\\/\"]}]},{\"@type\":\"ImageObject\",\"inLanguage\":\"fr-FR\",\"@id\":\"https:\\\/\\\/maisonpuechmalou.com\\\/vakantiehuis-de-cottage\\\/#primaryimage\",\"url\":\"https:\\\/\\\/maisonpuechmalou.com\\\/wp-content\\\/uploads\\\/2017\\\/11\\\/rotator-1.jpg\",\"contentUrl\":\"https:\\\/\\\/maisonpuechmalou.com\\\/wp-content\\\/uploads\\\/2017\\\/11\\\/rotator-1.jpg\",\"width\":2000,\"height\":1200},{\"@type\":\"BreadcrumbList\",\"@id\":\"https:\\\/\\\/maisonpuechmalou.com\\\/vakantiehuis-de-cottage\\\/#breadcrumb\",\"itemListElement\":[{\"@type\":\"ListItem\",\"position\":1,\"name\":\"Home\",\"item\":\"https:\\\/\\\/maisonpuechmalou.com\\\/\"},{\"@type\":\"ListItem\",\"position\":2,\"name\":\"Vakantiehuis &#8216;de Cottage'\"}]},{\"@type\":\"WebSite\",\"@id\":\"https:\\\/\\\/maisonpuechmalou.com\\\/#website\",\"url\":\"https:\\\/\\\/maisonpuechmalou.com\\\/\",\"name\":\"Domaine Puech Malou\",\"description\":\"Des vacances dans un petit paradis en Occitanie\",\"potentialAction\":[{\"@type\":\"SearchAction\",\"target\":{\"@type\":\"EntryPoint\",\"urlTemplate\":\"https:\\\/\\\/maisonpuechmalou.com\\\/?s={search_term_string}\"},\"query-input\":{\"@type\":\"PropertyValueSpecification\",\"valueRequired\":true,\"valueName\":\"search_term_string\"}}],\"inLanguage\":\"fr-FR\"}]}<\/script>\n<!-- \/ Yoast SEO plugin. -->","yoast_head_json":{"title":"G\u00eete 'Le Cottage' - Domaine Puech Malou","description":"Op Domaine Puech Malou treft u het charmante vakantiehuis 'de Cottage'. Volledig ingericht en van alle gemakken voorzien op ruim perceel met terras en tuin.","robots":{"index":"index","follow":"follow","max-snippet":"max-snippet:-1","max-image-preview":"max-image-preview:large","max-video-preview":"max-video-preview:-1"},"canonical":"https:\/\/maisonpuechmalou.com\/vakantiehuis-de-cottage\/","og_locale":"fr_FR","og_type":"article","og_title":"G\u00eete 'Le Cottage' - Domaine Puech Malou","og_description":"Op Domaine Puech Malou treft u het charmante vakantiehuis 'de Cottage'. Volledig ingericht en van alle gemakken voorzien op ruim perceel met terras en tuin.","og_url":"https:\/\/maisonpuechmalou.com\/vakantiehuis-de-cottage\/","og_site_name":"Domaine Puech Malou","article_modified_time":"2019-04-24T15:33:49+00:00","og_image":[{"width":2000,"height":1200,"url":"https:\/\/maisonpuechmalou.com\/wp-content\/uploads\/2017\/11\/rotator-1.jpg","type":"image\/jpeg"}],"twitter_card":"summary_large_image","twitter_misc":{"Dur\u00e9e de lecture estim\u00e9e":"3 minutes"},"schema":{"@context":"https:\/\/schema.org","@graph":[{"@type":"WebPage","@id":"https:\/\/maisonpuechmalou.com\/vakantiehuis-de-cottage\/","url":"https:\/\/maisonpuechmalou.com\/vakantiehuis-de-cottage\/","name":"G\u00eete 'Le Cottage' - Domaine Puech Malou","isPartOf":{"@id":"https:\/\/maisonpuechmalou.com\/#website"},"primaryImageOfPage":{"@id":"https:\/\/maisonpuechmalou.com\/vakantiehuis-de-cottage\/#primaryimage"},"image":{"@id":"https:\/\/maisonpuechmalou.com\/vakantiehuis-de-cottage\/#primaryimage"},"thumbnailUrl":"https:\/\/maisonpuechmalou.com\/wp-content\/uploads\/2017\/11\/rotator-1.jpg","datePublished":"2017-07-25T13:40:33+00:00","dateModified":"2019-04-24T15:33:49+00:00","description":"Op Domaine Puech Malou treft u het charmante vakantiehuis 'de Cottage'. Volledig ingericht en van alle gemakken voorzien op ruim perceel met terras en tuin.","breadcrumb":{"@id":"https:\/\/maisonpuechmalou.com\/vakantiehuis-de-cottage\/#breadcrumb"},"inLanguage":"fr-FR","potentialAction":[{"@type":"ReadAction","target":["https:\/\/maisonpuechmalou.com\/vakantiehuis-de-cottage\/"]}]},{"@type":"ImageObject","inLanguage":"fr-FR","@id":"https:\/\/maisonpuechmalou.com\/vakantiehuis-de-cottage\/#primaryimage","url":"https:\/\/maisonpuechmalou.com\/wp-content\/uploads\/2017\/11\/rotator-1.jpg","contentUrl":"https:\/\/maisonpuechmalou.com\/wp-content\/uploads\/2017\/11\/rotator-1.jpg","width":2000,"height":1200},{"@type":"BreadcrumbList","@id":"https:\/\/maisonpuechmalou.com\/vakantiehuis-de-cottage\/#breadcrumb","itemListElement":[{"@type":"ListItem","position":1,"name":"Home","item":"https:\/\/maisonpuechmalou.com\/"},{"@type":"ListItem","position":2,"name":"Vakantiehuis &#8216;de Cottage'"}]},{"@type":"WebSite","@id":"https:\/\/maisonpuechmalou.com\/#website","url":"https:\/\/maisonpuechmalou.com\/","name":"Domaine Puech Malou","description":"Des vacances dans un petit paradis en Occitanie","potentialAction":[{"@type":"SearchAction","target":{"@type":"EntryPoint","urlTemplate":"https:\/\/maisonpuechmalou.com\/?s={search_term_string}"},"query-input":{"@type":"PropertyValueSpecification","valueRequired":true,"valueName":"search_term_string"}}],"inLanguage":"fr-FR"}]}},"_links":{"self":[{"href":"https:\/\/maisonpuechmalou.com\/fr\/wp-json\/wp\/v2\/pages\/149","targetHints":{"allow":["GET"]}}],"collection":[{"href":"https:\/\/maisonpuechmalou.com\/fr\/wp-json\/wp\/v2\/pages"}],"about":[{"href":"https:\/\/maisonpuechmalou.com\/fr\/wp-json\/wp\/v2\/types\/page"}],"author":[{"embeddable":true,"href":"https:\/\/maisonpuechmalou.com\/fr\/wp-json\/wp\/v2\/users\/1"}],"replies":[{"embeddable":true,"href":"https:\/\/maisonpuechmalou.com\/fr\/wp-json\/wp\/v2\/comments?post=149"}],"version-history":[{"count":39,"href":"https:\/\/maisonpuechmalou.com\/fr\/wp-json\/wp\/v2\/pages\/149\/revisions"}],"predecessor-version":[{"id":908,"href":"https:\/\/maisonpuechmalou.com\/fr\/wp-json\/wp\/v2\/pages\/149\/revisions\/908"}],"wp:featuredmedia":[{"embeddable":true,"href":"https:\/\/maisonpuechmalou.com\/fr\/wp-json\/wp\/v2\/media\/432"}],"wp:attachment":[{"href":"https:\/\/maisonpuechmalou.com\/fr\/wp-json\/wp\/v2\/media?parent=149"}],"curies":[{"name":"wp","href":"https:\/\/api.w.org\/{rel}","templated":true}]}}

Gîte &lsquo;Le Cottage'

<p></p>
<h2 style="text-align: justify;"><span style="font-weight: 400;">Ce gîte se situe au sud-est. C’est une maisonnette charmante, parfaite pour accueillir un couple ou un couple avec jeune enfant. La maison dispose d’une cuisine entièrement équipée et d’un séjour avec un coin salon très confortable. Le poêle à bois dans le salon vous permettra de vous réchauffer en fin de journée, au printemps et à l’automne. L’accès à la chambre à coucher se fait par le salon. La chambre est chaleureuse et elle est meublée avec des lits très confortables. La chambre permet d’accéder à la salle de bain avec douche, vasque et toilettes.</span></h2>
<p style="text-align: justify;"><span style="font-weight: 400;">Le gîte ouvre sur un parc aménagé de 1000m2 avec des hortensias colorés et des cèdres. Le parc est largement occupé par les grenouilles, les grillons et les oiseaux dont on peut entendre les chants tout au long de la journée. Le gîte dispose d’une terrasse privée avec des meubles en teck confortables où vous pouvez vous installer pour vos repas. </span></p>
<p><img loading="lazy" decoding="async" class="size-full wp-image-462 alignleft" src="http://maisonpuechmalou.com/wp-content/uploads/2017/07/meuble_3.jpg" alt="" width="150" height="150" srcset="https://maisonpuechmalou.com/wp-content/uploads/2017/07/meuble_3.jpg 150w, https://maisonpuechmalou.com/wp-content/uploads/2017/07/meuble_3-100x100.jpg 100w" sizes="auto, (max-width: 150px) 100vw, 150px" /></p>
<p style="text-align: justify;"><span style="font-weight: 400;">Depuis la terrasse, vous pourrez admirer la vue sur les collines et apprécier la sérénité des environs. Vous pourrez aussi profiter de superbes couchers de soleil et des cieux étoilés comme vous n’en avez jamais vu auparavant. Bref, tous les ingrédients sont présents pour profiter de vacances bien méritées, ou simplement pour prendre un peu de distance avec la vie quotidienne.</span></p>
<p style="text-align: justify;"><span style="font-weight: 400;">Le gîte ‘le Cottage’ bénéficie de 3*** étoiles, attribuées par Comité Départemental du Tourisme du Tarn, dans la catégorie Meublés de Tourisme.</span></p>
<p><a href="http://maisonpuechmalou.com/wp-content/virtualtours/cottage/PuechMalouCottage.html" target="_blank" rel="noopener noreferrer"><img loading="lazy" decoding="async" class="alignnone wp-image-863 size-full" src="http://maisonpuechmalou.com/wp-content/uploads/2019/04/cottageua.jpg" alt="" width="900" height="545" srcset="https://maisonpuechmalou.com/wp-content/uploads/2019/04/cottageua.jpg 900w, https://maisonpuechmalou.com/wp-content/uploads/2019/04/cottageua-768x465.jpg 768w" sizes="auto, (max-width: 767px) 89vw, (max-width: 1000px) 54vw, (max-width: 1071px) 543px, 580px" /></a></p>
<p><span style="font-size: 12pt;">Voir le tour virtuel (ça ouvre une nouvelle fenêtre)</span></p>

<p>Ce gîte se situe au sud-est. C’est une maisonnette charmante, parfaite pour accueillir un couple ou un couple avec jeune enfant. La maison dispose d’une cuisine entièrement équipée et d’un séjour avec un coin salon très confortable. Le poêle à bois dans le salon vous permettra de vous réchauffer en fin de journée, au printemps &hellip; </p>
<p class="link-more"><a href="https://maisonpuechmalou.com/fr/vakantiehuis-de-cottage/" class="more-link">Continuer la lecture<span class="screen-reader-text"> de &laquo;&nbsp;Gîte &lsquo;Le Cottage&rsquo;&nbsp;&raquo;</span></a></p>

<!-- This site is optimized with the Yoast SEO plugin v27.5 - https://yoast.com/product/yoast-seo-wordpress/ -->
<title>Gîte &#039;Le Cottage&#039; - Domaine Puech Malou</title>
<meta name="description" content="Op Domaine Puech Malou treft u het charmante vakantiehuis &#039;de Cottage&#039;. Volledig ingericht en van alle gemakken voorzien op ruim perceel met terras en tuin." />
<meta name="robots" content="index, follow, max-snippet:-1, max-image-preview:large, max-video-preview:-1" />
<link rel="canonical" href="https://maisonpuechmalou.com/vakantiehuis-de-cottage/" />
<meta property="og:locale" content="fr_FR" />
<meta property="og:type" content="article" />
<meta property="og:title" content="Gîte &#039;Le Cottage&#039; - Domaine Puech Malou" />
<meta property="og:description" content="Op Domaine Puech Malou treft u het charmante vakantiehuis &#039;de Cottage&#039;. Volledig ingericht en van alle gemakken voorzien op ruim perceel met terras en tuin." />
<meta property="og:url" content="https://maisonpuechmalou.com/vakantiehuis-de-cottage/" />
<meta property="og:site_name" content="Domaine Puech Malou" />
<meta property="article:modified_time" content="2019-04-24T15:33:49+00:00" />
<meta property="og:image" content="https://maisonpuechmalou.com/wp-content/uploads/2017/11/rotator-1.jpg" />
	<meta property="og:image:width" content="2000" />
	<meta property="og:image:height" content="1200" />
	<meta property="og:image:type" content="image/jpeg" />
<meta name="twitter:card" content="summary_large_image" />
<meta name="twitter:label1" content="Durée de lecture estimée" />
	<meta name="twitter:data1" content="3 minutes" />
<script type="application/ld+json" class="yoast-schema-graph">{"@context":"https:\/\/schema.org","@graph":[{"@type":"WebPage","@id":"https:\/\/maisonpuechmalou.com\/vakantiehuis-de-cottage\/","url":"https:\/\/maisonpuechmalou.com\/vakantiehuis-de-cottage\/","name":"Gîte 'Le Cottage' - Domaine Puech Malou","isPartOf":{"@id":"https:\/\/maisonpuechmalou.com\/#website"},"primaryImageOfPage":{"@id":"https:\/\/maisonpuechmalou.com\/vakantiehuis-de-cottage\/#primaryimage"},"image":{"@id":"https:\/\/maisonpuechmalou.com\/vakantiehuis-de-cottage\/#primaryimage"},"thumbnailUrl":"https:\/\/maisonpuechmalou.com\/wp-content\/uploads\/2017\/11\/rotator-1.jpg","datePublished":"2017-07-25T13:40:33+00:00","dateModified":"2019-04-24T15:33:49+00:00","description":"Op Domaine Puech Malou treft u het charmante vakantiehuis 'de Cottage'. Volledig ingericht en van alle gemakken voorzien op ruim perceel met terras en tuin.","breadcrumb":{"@id":"https:\/\/maisonpuechmalou.com\/vakantiehuis-de-cottage\/#breadcrumb"},"inLanguage":"fr-FR","potentialAction":[{"@type":"ReadAction","target":["https:\/\/maisonpuechmalou.com\/vakantiehuis-de-cottage\/"]}]},{"@type":"ImageObject","inLanguage":"fr-FR","@id":"https:\/\/maisonpuechmalou.com\/vakantiehuis-de-cottage\/#primaryimage","url":"https:\/\/maisonpuechmalou.com\/wp-content\/uploads\/2017\/11\/rotator-1.jpg","contentUrl":"https:\/\/maisonpuechmalou.com\/wp-content\/uploads\/2017\/11\/rotator-1.jpg","width":2000,"height":1200},{"@type":"BreadcrumbList","@id":"https:\/\/maisonpuechmalou.com\/vakantiehuis-de-cottage\/#breadcrumb","itemListElement":[{"@type":"ListItem","position":1,"name":"Home","item":"https:\/\/maisonpuechmalou.com\/"},{"@type":"ListItem","position":2,"name":"Vakantiehuis &#8216;de Cottage'"}]},{"@type":"WebSite","@id":"https:\/\/maisonpuechmalou.com\/#website","url":"https:\/\/maisonpuechmalou.com\/","name":"Domaine Puech Malou","description":"Des vacances dans un petit paradis en Occitanie","potentialAction":[{"@type":"SearchAction","target":{"@type":"EntryPoint","urlTemplate":"https:\/\/maisonpuechmalou.com\/?s={search_term_string}"},"query-input":{"@type":"PropertyValueSpecification","valueRequired":true,"valueName":"search_term_string"}}],"inLanguage":"fr-FR"}]}</script>
<!-- / Yoast SEO plugin. -->

Gîte 'Le Cottage' - Domaine Puech Malou
